- 8*q**2 + 10*q - 7. Suppose 5*v + 45 = 5*p, -4 + 0 = 2*v. Let r = 34 + -7. What is the remainder when r is divided by b(p)?
13
Let m = 10 + -1. Suppose r = -3*r + 408. Suppose -16*f + 13*f + r = 0. Calculate the remainder when f is divided by m.
7
Let g = -2 + 6. Calculate the remainder when 6 is divided by g.
2
Let p = -13 - -30. Calculate the remainder when 50 is divided by p.
16
Suppose 5*g + 0*g = -5*d + 110, 0 = -2*g - 3*d + 39. What is the remainder when g is divided by 14?
13
Let o(w) = w**3. Let y(m) = -m**3 - 8*m**2 - 2*m - 11. Let u(g) = -2*o(g) - y(g). Calculate the remainder when u(8) is divided by 7.
6
Let y be ((-4)/1)/(-1) - 2. Suppose 5*s - 27 = -2*x - 0*s, -3*x = y*s - 46. Suppose -6*c + 184 = -2*c. What is the remainder when c is divided by x?
14
Let p be (0 - -1)/(3/15). Let b = p + 15. Calculate the remainder when -6*(-7)/14 - -55 is divided by b.
18
Suppose -11*c + c = -120. Calculate the remainder when 1*-2*21/(-2) is divided by c.
9
Let x = -62 - -104. Calculate the remainder when x is divided by 15.
12
Suppose 0*i = 3*i - 5*f - 56, -15 = -3*f. What is the remainder when i is divided by 15?
12
Suppose 5*y - 216 = 74. What is the remainder when y is divided by 26?
6
Let h = -53 - -108. What is the remainder when h is divided by 31?
24
Let s(c) = 4*c - 4. Let t be (-1266)/(-9) - (-2)/6. What is the remainder when s(4) is divided by t/21 - (-4)/14?
5
Suppose -3*o + 0*o = -12. Suppose -4*g - 4*p + 24 = -0*g, -3*g + 5*p = -34. Suppose 2*m - o = g. Calculate the remainder when 16 is divided by m.
4
What is the remainder when 49 is divided by (91/(-14))/(1/(-2))?
10
Suppose 0 = s - 38 + 4. Calculate the remainder when s is divided by 7.
6
What is the remainder when 62 is divided by 2/(-7) - 114/(-7)?
14
Suppose -8*z + 16 = -4*z. Calculate the remainder when ((-51)/(-9))/(2 + 35/(-21)) is divided by z.
1
Let g be (-642)/(-42) + (-2)/7. Let n = g - 11. Calculate the remainder when 13 is divided by n.
1
Let m(h) = 16*h**2 - 1. Calculate the remainder when m(-1) is divided by 9.
6
Suppose 4*l + 5*u = -29 + 101, 4*l = 5*u + 72. What is the remainder when l is divided by 5?
3
Suppose 5*w - 2*w = 0. Suppose -j + 5*o - o + 37 = w, 2*j = -3*o + 19. What is the remainder when j is divided by 6?
5
Suppose -3*x - 35 = -2. Let i = -2 - x. Suppose -i + 34 = 5*l. What is the remainder when 13 is divided by l?
3
Let h = -2 - -15. Calculate the remainder when 61 is divided by h.
9
Let y(h) = -2*h**3 + 4*h**2 - h - 3. What is the remainder when y(-3) is divided by 23?
21
Suppose 0*w - 5*w = s - 7, 5*w = -5*s + 15. Let r = 13 - w. What is the remainder when 23 is divided by r?
11
Suppose -3*p + 42 = -3*j - 3, -4*j = 5*p - 39. Calculate the remainder when 41 is divided by p.
8
Let r(w) = w**2 - w. Let n(q) = -q**3 + 4*q**2 - q - 9. Let j(s) = n(s) + 5*r(s). Calculate the remainder when 18 is divided by j(8).
4
Let o(n) = n**2 - 5*n - 2. Let p be o(6). Suppose 4*b - 3*b - 5*m = 4, b = 2*m + p. What is the remainder when b is divided by 3?
1
Let w(o) = -o - 1. Let y(l) = 2*l + 4. Let v(h) = 14*w(h) + 5*y(h). Let s = 4 + -12. What is the remainder when v(s) is divided by 20?
18
Suppose -a + 203 = 4*y, y + 6*a = 3*a + 48. Suppose -5*g + 39 = -2*g. What is the remainder when y is divided by g?
12
Let r(b) = -b + 3. Let v be r(-7). What is the remainder when 37 is divided by v/(-6)*(-12)/2?
7
Let v = -141 - -156. Calculate the remainder when 82 is divided by v.
7
Suppose -h = 3 - 6. Let w = -2 - -12. Suppose h*c = w + 20. What is the remainder when 18 is divided by c?
8
Let i be (-56)/(-2)*(-4 + 14). Calculate the remainder when 70 is divided by 2/4 - i/(-16).
16
Suppose -2*z = -128 - 14. What is the remainder when z is divided by 12?
11
Suppose -5*l = -5*v - 240, 2*l + 3*v + 0*v - 86 = 0. What is the remainder when 88 is divided by l?
42
Suppose v + 154 = 5*w, -w + v + 94 = 2*w. What is the remainder when w is divided by 16?
14
Let s = 4 + -3. Suppose -g + 3 + s = 0. Let t = 49 + -38. What is the remainder when t is divided by g?
3
Let o(u) = 17*u**2 + 9*u + 7. Let v(c) = -9*c**2 - 5*c - 4. Let i(t) = 4*o(t) + 7*v(t). What is the remainder when 17 is divided by i(1)?
5
Let q(k) = k**2 + k + 7. Suppose -5*b - 9 = -m - 35, m - b + 6 = 0. Calculate the remainder when m/4 - 98/(-8) is divided by q(0).
5
Suppose 0*s - 30 = -4*s - 3*b, 3*b = 2*s - 6. Calculate the remainder when 21 is divided by s.
3
Let j(w) = w**2 - 10*w - 15. Let f be j(11). Let s = 18 + f. What is the remainder when 39 is divided by s?
11
Let x(d) = d**2 - d + 11. Let l = -2 - -2. Calculate the remainder when 20 is divided by x(l).
9
Let o = -133 + 202. What is the remainder when o is divided by 35?
34
Suppose -f - 2*w + 7 = -3, -4*f - 8 = -4*w. Suppose 4*c + s = 37, c - 3 = -3*s - f. What is the remainder when 18 is divided by c?
8
Suppose 2*d = 4*d + 2*k, 0 = -2*k - 6. Suppose 5*r = -3*l - 3 + 34, -l - 27 = -d*r. Calculate the remainder when r is divided by 3.
2
Calculate the remainder when 83 is divided by (-12)/8*-4*21/6.
20
Suppose 19 = 5*y - 4*f, 3*y - 4 - 9 = 2*f. What is the remainder when y is divided by 4/3*(-3)/(-1)?
3
Calculate the remainder when 10/(-4)*-14 - 0 is divided by 402/33 + (-2)/11.
11
Suppose 0 = 6*c - 21 - 51. Calculate the remainder when c is divided by 6.
0
Suppose 0 = -g - 4*g + 50. Calculate the remainder when g is divided by 6/21 - (-26)/7.
2
Let c = -40 - -95. Calculate the remainder when c is divided by 8.
7
Suppose -4*y - 4 = -2*r - 0*r, 3*y - 7 = -r. Let i(u) = -12*u - 35. What is the remainder when i(-3) is divided by y?
0
Suppose 3*k - 4*w - 78 = 0, 4*k - 3*w = 27 + 77. Calculate the remainder when k is divided by 9.
8
Let v be 93/6*(0 + 2). Let w be 6/9 - (-68)/6. Let n = v - w. Calculate the remainder when n is divided by 7.
5
Suppose -3*t = 87 - 96. What is the remainder when (1/3)/1*21 is divided by t?
1
Let n(c) = 7*c - 30. Calculate the remainder when 65 is divided by n(9).
32
Let a(t) = 3 + 4 - t**2 - 4*t - 2. Let p be a(-5). Suppose 0*o - 5*o + 45 = p. Calculate the remainder when 26 is divided by o.
8
Suppose 3*j - 2*p - 34 = 0, 0*j + p + 24 = 2*j. Calculate the remainder when 27 is divided by j.
13
Suppose -1 - 1 = 2*y. Let z be (1 - y - 0) + 8. What is the remainder when z/35 - (-327)/7 is divided by 16?
15
Let u(x) = x**2 - 6*x + 12. What is the remainder when 11 is divided by u(5)?
4
Let g = -13 + 19. Suppose 3*m + 6 = g*m, 5*m - 40 = -5*j. Suppose -b = -j*b + 30. Calculate the remainder when 16 is divided by b.
4
Suppose 0 = -2*o + 117 + 23. Let a = 50 + -32. What is the remainder when o is divided by a?
16
Suppose -p + 2*p = 3*f - 59, -5*f + 2*p + 100 = 0. Calculate the remainder when f is divided by 11.
7
Suppose q - 20 = 2*w - 77, 2*w - 53 = -3*q. What is the remainder when w is divided by 8?
4
Suppose 2*r - 8 = 0, 0*r - r = -4*p + 112. Suppose -t = 4*t + 105. Let w = t + 36. Calculate the remainder when p is divided by w.
14
Let r = -28 - -38. What is the remainder when 69 is divided by r?
9
Let h be -1*2 - (-16)/4. Suppose 5*s + 5*r - 29 = 4*r, 26 = h*s + 4*r. Calculate the remainder when s is divided by 2.
1
Let o be (-1 + 0)*5*-1. Let l(s) = -s**2 + 9*s. What is the remainder when 59 is divided by l(o)?
19
Suppose 2*l - 5*l + 6 = 0. Suppose -3*a - 11 = 7. Calculate the remainder when ((-75)/a + 2)*l is divided by 10.
9
Let l be (-1168)/(-6) + (-4)/6. Calculate the remainder when 129 is divided by (-12)/(-18) - l/(-6).
30
Let n(r) = r**2 + 3*r - 4. Let v be n(3). Let q = 35 - v. Let z(w) = w**2 - 2*w - 4. What is the remainder when q is divided by z(-3)?
10
Let d be 184/(-18) + 6/27. Let y(c) = -c**2 - 12*c - 10. Suppose -10 = -2*w, -5*w = 5*u - 4 - 111. Calculate the remainder when u is divided by y(d).
8
Suppose 0 = 3*r - 3*n - 336, 2*r + 126 = -4*n + 320. What is the remainder when r is divided by 36?
35
What is the remainder when 63 is divided by 17/((-4)/16*-4)?
12
Let j be 2/12 + 6/(-36). Suppose 2*y - 19 - 9 = j. What is the remainder when 53 is divided by y?
11
Let c = 11 + -7. Suppose -m + 3*r + 11 = 0, 7 = m - c*r - 6. Calculate the remainder when m is divided by (1 - (0 - -2))*-2.
1
Let s = -20 + 46. Suppose -l + s = -6. What is the remainder when l is divided by 4/(-14) + 948/84?
10
Suppose -3*o - 5*d - 14 = 0, -5*